*r + i = -r. Calculate t(r).
-9
Let m(j) = j**2 - 8*j - 9. Let z = 127 + -137. Let u be 2/z - 246/(-30). Give m(u).
-9
Let k(p) = 3*p**3 + 2*p**2 - 2*p - 3. Let x(d) = 4*d**3 + 3*d**2 - d - 5. Let s(q) = 3*k(q) - 2*x(q). Calculate s(-2).
1
Let r(o) be the third derivative of -o**4/8 - 2*o**3/3 + 216*o**2. Suppose 2*c = -z - 0*c + 9, 12 = 4*c. Determine r(z).
-13
Suppose -x = -4*q - 1 - 9, 0 = 4*x - 4*q - 28. Let u(w) = w**2 - 2*w - 14. Give u(x).
10
Let x = 417 + -395. Let w(t) = -t + 20. Give w(x).
-2
Let r(x) be the third derivative of x**8/20160 - x**7/840 - x**6/240 - 7*x**5/60 + 16*x**2. Let u(n) be the third derivative of r(n). Determine u(5).
-8
Let s(b) = -3*b - 4. Let l(v) = -13*v - 17. Let u(j) = -2*l(j) + 9*s(j). Let h be -2*(-1 - 0) - -2. Suppose -3 = -f + h. Give u(f).
-9
Let x(t) = t. Let h(q) = -q - 1. Let j(p) = h(p) - 2*x(p). Suppose -2*y + 7*g - 2*g = 23, -4*y = -3*g + 11. Let a be (12/(-8))/(y/2). Calculate j(a).
8
Let f(g) be the first derivative of g**2 + 9*g - 2. Let v(i) = -i + 1. Suppose -82*k + 86*k + 12 = 0. Let q(z) = k*v(z) - f(z). Give q(5).
-7
Let d(c) = -c**2 + c - 2. Let x = -18 - -9. Let j = -9 - x. What is d(j)?
-2
Let k(j) = -j + 7. Suppose 30 = 4*x - 2*x. Let t be (-5)/x*-21*1. Give k(t).
0
Let m(i) be the third derivative of i**4/6 - 103*i**2. Calculate m(3).
12
Let h(c) = -c**3 + 10*c**2 - 16*c + 1. Let b be h(8). Let r(f) = -f**2 - 2*f + 1. Let t be r(b). Let y(a) = 3*a**2 + a - 1. Give y(t).
9
Let q(o) = o**2 + 6*o - 8. Suppose -2*n = n - 75. Suppose 5*j + 15 = -n. Let u be j + (4 - (3 - 1)). Give q(u).
-8
Let z(m) = m - 3. Let i be z(5). Suppose -2*y + 3*x + 3 = 0, 4*y - i*x - 3*x - 5 = 0. Suppose 5 = -5*p - y. Let s(t) = -t**3 + t**2 + t + 1. Give s(p).
2
Let y(f) = f - 3. Let a(u) = u - 3. Let g(j) = -2*j + 4. Let l(k) = 3*a(k) + 2*g(k). Suppose -3*o = -5*i + 22, -i + 3 - 1 = 0. Let q be l(o). Determine y(q).
0
Let w(h) = -h**2 - 4*h + 7. Let u(q) be the second derivative of -q**4/12 - q**3 + q**2 - 2*q. Let a be u(-7). Give w(a).
2
Let z(u) = -3*u - 3. Let g(x) be the second derivative of -x**5/20 + 5*x**4/12 + x**3/3 - 7*x**2/2 - 6*x. Let h be g(5). Suppose h = a + 5. Determine z(a).
3
Let n = 103 + -108. Let l(w) = 4*w + 7. Determine l(n).
-13
Let s(w) = -w**2 - 7*w - 6. Let m = -120 + 122. Let n be 2/(-1)*2*1. Let r = n - m. Give s(r).
0
Let j(s) = -s**3 - 15*s**2 - s - 14. Suppose -268*m + 60 = -272*m. Determine j(m).
1
Let l(x) = -x**2 + 8*x - 4. Let h = 24 - 8. Suppose 5*g = 3*g + h. Give l(g).
-4
Let f(a) = 4*a**3 - a**2 + a + 1. Let k be (8 + 6)*(5 - 2). Let h = k - 43. Calculate f(h).
-5
Let j(h) = h**3 - 3*h**2 - 18*h - 3. Let m be (-13)/((-468)/225) - (-1)/(-4). What is j(m)?
-3
Let k(f) = f**3 + 4*f**2 - 4*f - 3. Let r(s) = -3*s + s**2 - 6*s**2 + 3*s. Let g be r(-1). What is k(g)?
-8
Let b(k) be the second derivative of -k**5/20 - 3*k**4/4 + 5*k**3/2 + 4*k**2 + 10*k. Give b(-10).
-42
Let s(q) = q - 8. Let u = 51 + -40. Calculate s(u).
3
Let g = 17 - 8. Suppose 4*b + 40 = g*b. Let y(w) = 4*w - w + b - w - w. Calculate y(-6).
2
Let i(w) be the first derivative of 14*w**3/3 + w - 741. Let s(u) be the second derivative of -u**3/6 - 9*u**2/2 - 3*u. Let l be s(-8). Determine i(l).
15
Let k(s) be the second derivative of s**4/12 - 11*s**3/6 - 25*s**2/2 + 246*s. Determine k(12).
-13
Let t = -6 + 4. Let z(b) be the second derivative of -1/3*b**3 - b**2 + 16*b + 0 - 1/4*b**4 - 1/20*b**5. Calculate z(t).
-2
Let p(g) = 5*g**3 + 19*g**2 + 9. Let v(c) = -3*c**3 - 10*c**2 - 4. Let q(z) = 4*p(z) + 7*v(z). Let r be 116/20 - 2/(-10). Determine q(r).
8
Let r = 59 - 59. Let y(g) = g**3 - g + 22. Give y(r).
22
Let o(r) = 9*r - 11. Let x be 12/(-5)*20/(-6). Suppose 3*d = -2*d - 2*y + 9, 4*d - 3 = -3*y. Let z(u) = -3*u + 4. Let c(k) = d*o(k) + x*z(k). What is c(-4)?
-13
Let d(t) = -t**3 - 2*t**2 + 7*t + 6. Let s be d(-4). Suppose 0 = -3*a - a + 56. Let o = a - s. Let i(z) = z**2 - 5*z + 2. Calculate i(o).
-2
Let t(a) = 0 + 7*a - 4 - 1 + 4. Determine t(-4).
-29
Suppose 28 = -10*u + 18. Let i(v) = -2 + 3 - 9*v + 2*v. Determine i(u).
8
Let v(p) = 23*p + 4*p**2 - 19*p + 2*p**2 + 2. Suppose 3*f + 8 - 2 = 0. Determine v(f).
18
Let n be 2290/4*(-1836)/(-170). Let q(g) = 6183 - n - g. Let j be (0 - (0 - 1))*-1. Determine q(j).
1
Let t be (1 + 3/(-6))*176/(-22). Let m(q) = -q + 2. What is m(t)?
6
Let s(g) = g**3 - 8*g - 3 - 7*g**2 + 1 - 4 + 0*g. Let t = -30 + 38. What is s(t)?
-6
Suppose -3*k = -b, -5*b = 3*k - 0*k + 18. Let f be 6/((-1)/k) - (17 - 16). Let d(g) = -g**3 + 5*g**2 + g + 6. Give d(f).
11
Suppose -n + 9 = -3*z, 6 = 137*z - 140*z. Let b(x) = x**3 - x - 4. Determine b(n).
20
Let c(q) be the third derivative of 11/6*q**3 + 1/60*q**5 - 1/360*q**6 + 0 - 12*q**2 - 1/8*q**4 + 0*q. Let s(j) be the first derivative of c(j). Determine s(2).
-3
Let n(b) = 3*b - 64. Let r = 804 - 784. Determine n(r).
-4
Let k(z) = -z**3 + 5*z**2 + 8*z - 9. Let m be 0*(1/(-2) - -1). Suppose r = -m*r + 16. Let h = r - 10. What is k(h)?
3
Let c(k) = -2*k**2 - k. Let u(m) = m + 5*m + 6 - 5*m. Suppose -3*b = -5*b - 16. Let t be u(b). Give c(t).
-6
Let x(z) = -z**2 + 9*z - 4. Let v be x(8). Let f(h) be the third derivative of h**6/120 - h**5/15 - h**4/24 + h**3/6 + h**2 - 151*h. What is f(v)?
-3
Let p(m) = 2*m**2 - 5*m - 2. Suppose -5*k = -4*q, 0 = -2*k + q + 2*q - 7. Suppose 0*j = -k*j + 16. What is p(j)?
10
Let g(m) = -3*m. Let p(l) = -4*l + 1. Let k(r) = -5*g(r) + 4*p(r). Suppose 3 = 3*z - 3*s, -76*z - 4*s = -81*z + 10. Give k(z).
-2
Let p(b) = b**2 - 6*b - 5. Let l be (6 - 4) + (2/2 - -2). Determine p(l).
-10
Let u(r) = 18 + 20 + 23*r + 19 + 17 - 71. Calculate u(1).
26
Suppose 17 = 5*d - 3. Let o(m) = -m + 4. Let f be o(d). Let q(a) = a - 10. Let s(t) = -t + 9. Let l(c) = -3*q(c) - 4*s(c). Determine l(f).
-6
Let s(q) = 4*q**3 - 12*q - 3. Let a(z) = 5*z**3 - z**2 - 14*z - 4. Let u(m) = -5*a(m) + 6*s(m). Let d = 7 + -3. Determine u(d).
10
Let v(t) = 9*t + 31. Let l(f) = -4*f - 14. Let d(o) = 14*l(o) + 6*v(o). What is d(-6)?
2
Let z(m) = m**2 + 4*m - 2. Let u be (10/4)/(4/8). Let g = 9 - 19. Let i = u + g. What is z(i)?
3
Let x(n) be the first derivative of -n**2/2 + 9*n + 1. Let s(d) = 4*d + 126. Let k be s(-30). Give x(k).
3
Let r(f) = f**2 + 13*f + 10. Suppose -14*n - 84 = -2*n. Determine r(n).
-32
Let l(c) = c - 8. Let w be l(8). Let j(z) = 4*z - 2*z + w - 1 + 0*z. What is j(-2)?
-5
Suppose -3*k + 4*i + 29 = 0, -2*k + 24 = -i - 4*i. Let q(r) = r**2 - 14*r + 2. Let u(x) = -2*x**2 + 27*x - 4. Let n(c) = 11*q(c) + 6*u(c). Determine n(k).
5
Suppose -4 = -m + 2*m. Let p be (4 - 0) + 0 + m. Suppose 2*z + 4*z = p. Let f(s) = -s**2 - 6. Give f(z).
-6
Let z(d) = -83528 - 19*d - 39*d + 83526. Determine z(1).
-60
Suppose 5*a - 17 = 2*h, 1 = -5*a + 6*a + 2*h. Let c(i) = -2*i - 1. What is c(a)?
-7
Let v(y) be the second derivative of -y**6/360 + y**5/24 - y**4/12 - 2*y**3/3 + 4*y. Let c(r) be the second derivative of v(r). What is c(4)?
2
Let k be (0 - 1)*(0 - 0). Let r = -7 + k. Let v = r + 14. Let j(y) = -y + 1. Determine j(v).
-6
Suppose -3*j = 2 - 14. Let t(c) be the second derivative of 15*c + 1/3*c**4 - 1/20*c**5 + 0*c**3 - 5/2*c**2 + 0. Determine t(j).
-5
Let x(w) = -w + 15. Suppose -36*l = 92 - 452. What is x(l)?
5
Let o(j) be the second derivative of -j**5/20 - 3*j**4/4 - j**3/6 - 11*j**2/2 + 16*j. Suppose -5*f + h + 25 = 69, -h = -f - 8. Give o(f).
-2
Let b(i) = i**3 + 12*i**2 - 15*i + 13. Let x(v) = -2*v**2 - 53*v + 132. Let y be x(-29). Give b(y).
39
Let s(t) = -t**3 + 8*t**2 - 2*t - 12. Suppose 5*q = 8*k - 6*k + 27, -3*q + 29 = 2*k. Calculate s(q).
23
Suppose 9*w + 50 = 14*w. Suppose w*m - 15 = 5*m. Let f(g) = 2*g**3 - 7*g**3 + 2 + m*g**3 + g**3 + 6*g + 5*g**2. Determine f(6).
2
Let h(x) = 6*x + 3*x - 2*x**2 - 2*x + x**2 + 0*x**2 + 6. Let n be ((-28)/70)/((-1)/20). Determine h(n).
-2
Let k = 20 + -11. Let q(j) = -3*j - 8. Let h(l) = 4*l + 8. Let v(g) = 4*h(g) + 5*q(g). Calculate v(k).
1
Let y(a) = 6*a - 12 - 34 + 48. What is y(-2)?
-10
Let h(a) = 23*a - 11. Let f(c) = 27*c - 14. Let t(v) = -5*f(v) + 6*h(v). Determine t(-7).
-17
Let n(g) = 0*g**2 - 7 + 1 + 3*g**2 + 262*g - 267*g - 2*g**2. Calculate n(5).
-6
Let k(x) be the third derivative of 34*x**2 - 1/60*x**5 + 1/4*x**4 + 0*x + 5/6*x**3 + 0. What is k(7)?
-2
Let w(z) = -2*z + 2. 